f - 142229. What is h(-94)?
-7
Let f(z) = -496*z - 4363. Determine f(-9).
101
Let x(j) = 641*j**2 + 1950*j + 42. Calculate x(-3).
-39
Let n(k) = 2*k**2 - 155*k - 6161. Give n(-31).
566
Let p(f) = -2977*f - 133699. Give p(-45).
266
Let y(m) = -338*m**2 + 20621*m - 11. What is y(61)?
172
Let a(s) = -8*s**2 + 2638*s + 25087. Calculate a(339).
1
Let v(h) = -24*h**2 + 1951*h - 587. What is v(81)?
-20
Let r(n) = 10*n**2 + 374*n + 163. Calculate r(-39).
787
Let h(s) = s**3 - 309*s**2 + 4686*s + 24. Calculate h(16).
-8
Let r(n) = -55*n**2 - 39*n - 208. Determine r(-3).
-586
Let o(b) = -b**3 - 17*b**2 - 228*b - 4367. What is o(-18)?
61
Let r(s) = s**2 - 232*s + 12797. Give r(93).
-130
Let x(z) = -765*z + 1947. Give x(3).
-348
Let u(w) = -w**2 + 216*w - 3294. Determine u(17).
89
Let l(d) = -4*d**2 + 1428*d - 9847. Determine l(7).
-47
Let o(f) = -f**3 - 260*f**2 - 1989*f - 247035. Calculate o(-256).
5
Let n(w) = 10*w**3 - 241*w**2 - 12*w + 967. Determine n(24).
103
Let j(a) = -a**3 + 35*a**2 - 317*a + 9651. Give j(34).
29
Let t(r) = r**3 + 274*r**2 + 9165*r - 4. Calculate t(-235).
-4
Let l(q) = 1293*q - 6484. What is l(5)?
-19
Let c(p) = -44938*p + 314565. Calculate c(7).
-1
Let a(l) = -2*l**2 - 329*l - 1679. Determine a(-5).
-84
Let i(f) = 167*f - 9398. What is i(49)?
-1215
Let a(q) = 2*q**3 - 483*q**2 - 3473*q + 44. What is a(-7)?
2
Let q(y) = 8*y**2 - 84*y + 152. Determine q(9).
44
Let c(s) = 2*s**2 - 1612*s + 22174. Give c(14).
-2
Let s(i) = 1101332*i + 15418643. Give s(-14).
-5
Let l(o) = -9764*o - 4921087. What is l(-504)?
-31
Let n(w) = 5*w**3 + 531*w**2 + 101*w + 118. Determine n(-106).
648
Let k(p) = 9*p**2 - 111*p - 1106. What is k(-9)?
622
Let s(k) = -7261*k + 921922. Calculate s(127).
-225
Let u(g) = 2420*g - 184067. Calculate u(76).
-147
Let t(m) = -m**2 + 2348*m - 692587. What is t(346)?
105
Let k(r) = 3*r**2 - 30*r - 1105. Calculate k(-28).
2087
Let n(x) = x**3 + 634*x**2 - 1305*x - 21172. What is n(-636)?
-184
Let h(r) = 4476*r + 161129. Give h(-36).
-7
Let q(r) = -r**3 + 6*r**2 + 681*r - 391. Determine q(29).
15
Let o(x) = 49287*x + 246445. What is o(-5)?
10
Let u(y) = 59665*y + 2386590. Calculate u(-40).
-10
Let o(w) = -w**2 + 51*w + 6726. Calculate o(-63).
-456
Let g(h) = -2018*h - 423779. Calculate g(-210).
1
Let v(w) = -81*w**2 - 567*w - 785. Determine v(-5).
25
Let m(a) = 248796*a + 1990386. Calculate m(-8).
18
Let j(t) = -t**2 + 3250*t + 249333. Determine j(-75).
-42
Let o(u) = -5*u**2 + 205*u + 3827. Determine o(-14).
-23
Let l(j) = 39962*j - 3436626. Give l(86).
106
Let v(t) = 4*t**3 + 9*t**2 - 503*t - 3536. Calculate v(-7).
-946
Let q(i) = -37*i**2 - 3387*i + 39463. What is q(-102)?
-11
Let w(n) = -2401*n - 4774. Give w(-2).
28
Let p(t) = 79*t**2 - 169*t - 677. What is p(4)?
-89
Let t(q) = q**2 + 1943*q - 67683. Determine t(34).
-465
Let q(s) = 155*s**2 - 4798*s - 212. Give q(31).
5
Let r(s) = 414*s - 7026. Give r(18).
426
Let h(r) = -r**3 - r**2 + 73*r - 340. Give h(6).
-154
Let v(x) = 345*x**2 + 8640*x - 109. What is v(-25)?
-484
Let y(h) = 2*h**3 - 97*h**2 - 293*h - 186. Determine y(-2).
-4
Let w(s) = -947*s**2 + 3787*s + 15. Calculate w(4).
11
Let a(v) = 1126*v - 19282. Give a(14).
-3518
Let g(m) = 9*m**2 - 6718*m - 1. Calculate g(0).
-1
Let t(l) = -5*l**2 + 253*l + 12311. What is t(81)?
-1
Let u(a) = -23*a**3 + 988*a**2 - 1344*a + 59674. What is u(43)?
33
Let u(o) = o**3 - 121*o**2 - 2749*o + 344336. What is u(120)?
56
Let o(r) = -2*r**3 + 14*r**2 - 34*r - 162. Give o(-3).
120
Let m(w) = 131*w**2 - 2578*w + 16. Calculate m(19).
-1675
Let w(x) = -3*x**3 + 76*x**2 + 324*x - 5102. Calculate w(27).
1
Let p(i) = 226*i**2 + 21224*i + 39749. Give p(-92).
5
Let n(f) = 97955*f + 1273409. Determine n(-13).
-6
Let x(l) = l**3 - 85*l**2 - 1381*l - 574. Give x(99).
-79
Let n(y) = -y**3 + 5*y**2 + 362*y + 1469. Give n(-4).
165
Let m(v) = -35*v**2 - 541*v + 5885. What is m(11)?
-4301
Let g(r) = -9*r**3 - 674*r**2 - 7622*r + 186. Calculate g(-61).
3
Let m(b) = 2269*b - 15412. Give m(6).
-1798
Let u(j) = -68*j - 5352. What is u(-79)?
20
Let q(s) = s**3 - 123*s**2 - 268*s + 2088. Give q(125).
-162
Let s(v) = -v**2 + 21*v + 335. Give s(68).
-2861
Let r(f) = 12*f**2 + 168*f + 169. Calculate r(-1).
13
Let x(j) = -6*j**2 - 7931*j - 209756. Give x(-27).
7
Let x(t) = 4337*t + 332424. Give x(-77).
-1525
Let y(q) = -q**2 + 99*q - 1129. Give y(87).
-85
Let r(q) = -4*q**3 + 20*q**2 - 46*q + 109. What is r(5)?
-121
Let i(x) = -25*x**2 + 1197*x - 14323. Calculate i(23).
-17
Let z(t) = 918*t + 432248. Determine z(-471).
-130
Let h(j) = 3*j**2 + 16493*j + 98923. Determine h(-6).
73
Let z(o) = -167*o**3 + 496*o**2 - 4*o + 16. What is z(3)?
-41
Let c(t) = 62514*t - 1875423. What is c(30)?
-3
Let p(j) = 952*j - 137049. Determine p(144).
39
Let o(c) = -4*c**2 + 1081*c + 865. Determine o(271).
52
Let w(g) = g**3 - 9*g**2 - 24*g + 132. Give w(4).
-44
Let s(z) = -25820*z + 77457. Determine s(3).
-3
Let z(y) = -2*y**3 + 402*y**2 + 807*y + 698. What is z(203)?
-317
Let p(k) = k**3 + 209*k**2 - 1672*k - 82. Determine p(8).
430
Let c(d) = -d**3 - 9*d**2 + 16*d + 230. Determine c(-8).
38
Let x(l) = -201770*l + 44994717. Give x(223).
7
Let i(j) = 2899*j + 17051. Calculate i(-6).
-343
Let a(x) = -649*x + 11002. Calculate a(16).
618
Let d(x) = -9094*x + 54414. Give d(6).
-150
Let x(b) = -b**2 + 118*b + 8604. Calculate x(-42).
1884
Let l(k) = -13*k**3 + 134*k**2 - 50*k + 85. Determine l(10).
-15
Let q(m) = -514945*m - 3089675. Calculate q(-6).
-5
Let n(l) = -2*l**3 + 58*l**2 - 102*l + 2904. Give n(29).
-54
Let i(u) = -18*u**3 - 452*u**2 - 18*u + 33. Determine i(-25).
-767
Let g(v) = -346*v**2 + 3550*v - 23. Determine g(10).
877
Let s(r) = -1725*r + 282518. Give s(164).
-382
Let c(a) = -651*a + 8436. What is c(13)?
-27
Let o(d) = -13*d**2 + 681*d + 1875. Calculate o(55).
5
Let o(m) = m**3 + 98*m**2 - 298*m + 655. Determine o(-101).
150
Let v(j) = -3*j**2 + 245*j + 3319. Give v(-13).
-373
Let l(h) = 250517*h - 1753606. Calculate l(7).
13
Let i(t) = 4167*t + 850014. What is i(-204)?
-54
Let r(s) = -2*s**2 + 1184*s + 14514. Determine r(-12).
18
Let u(h) = 2*h**2 + 4*h + 130. Calculate u(-7).
200
Let a(m) = -93*m**2 - 1653*m - 29. Calculate a(-16).
2611
Let p(w) = -1723*w**2 + 17227*w + 57. What is p(10)?
27
Let r(m) = m**2 + 236*m + 10634. Calculate r(-61).
-41
Let n(o) = -23*o + 422. Determine n(34).
-360
Let u(x) = -12*x + 380. Give u(143).
-1336
Let m(a) = 337*a**2 - 7074*a - 6. Determine m(21).
57
Let p(z) = -z**2 + 1012*z - 127869. Calculate p(148).
3
Let i(o) = 5*o**2 - 23678*o - 71072. Determine i(-3).
7
Let w(g) = -5*g**3 - 172*g**2 - 247*g - 514. Calculate w(-33).
14
Let b(n) = -5*n**2 + 1868*n + 108266. What is b(-51)?
-7
Let s(y) = 4*y**2 - 93725*y - 562484. What is s(-6)?
10
Let i(n) = -n**3 + 19*n**2 + 53357*n - 1119609. Determine i(21).
6
Let c(h) = 2*h**2 + 418*h - 12270. Calculate c(26).
-50
Let d(u) = -u**3 - 13*u**2 - 93*u - 776. Determine d(-11).
5
Let t(l) = l**3 - 21*l**2 + 28*l + 967. What is t(12)?
7
Let y(d) = -2*d**3 - 28*d**2 + 47*d - 153. Give y(-16).
119
Let y(v) = 8*v**3 - 233*v**2 - 6*v + 975. What is y(29)?
-40
Let p(j) = 24*j**2 - 132*j + 840. Give p(6).
912
Let k(z) = z**3 - 48*z**2 + 136*z + 5012. What is k(42)?
140
Let c(l) = -872*l + 123914. What is c(142)?
90
Let r(q) = q**3 + 127*q**2 - 3117*q - 1337. Calculate r(-148).
-5
Let f(l) = 1781*l - 3601. Give f(2).
-39
Let r(f) = -11127*f - 244786. Calculate r(-22).
8
Let x(f) = -4*f**2 - 947*f + 3841. What is x(4)?
-11
Let h(o) = -28*o**2 + 1771*o - 5203. Determine h(3).
-142
Let i(j) = j**3 - 31*j**2 - 13*j + 2. What is i(30)?
-1288
Let i(w) = 10*w**2 - 820*w - 5225. Give i(87).
-875
Let u(n) = 1167*n + 776057. Give u(-665).
2
Let k(s) = 28*s**3 - 41*s**2 - 780. Determine k(0).
-780
Let t(b) = -b**2 + 150461*b - 7520551. What is t(50)?
-1
Let a(k) = 212*k - 262. Calculate a(-6).
-1534
Let g(r) = -2431*r - 17698. Give g(-7).
-681
Let t(x) = -4*x**2 + 858*x - 44375. Give t(87).
-5
Let w(z) = 602241*z + 6624649. Calculate w(-11).
-2
Let x(c) = 142*c + 22938. Determine x(-161).
76
Let i(w) = 23*w**2 + 749*w + 1103. Determine i(-31).
-13
Let x(b) = -b**3 - 850*b**2 - 47389*b + 649. Determine x(-60).
-11
Let p(f) = -618*f**2 - 249025*f + 11692. Give p(-403).
5
Let c(a) = 3*a**3 + 2459*a**2 + 